 - 34. What is the units digit of j?
7
Suppose 3*z = 4*z - 20. Let y = -3 + z. What is the units digit of y?
7
Suppose -5*b - 36 = 4. Let n = -6 - b. Suppose -n*h + 3 = -13. What is the units digit of h?
8
Suppose 2*a = 2*d - 202, -3*d + 338 = -10*a + 14*a. What is the tens digit of d?
0
Let g(m) = -m**2 + 8*m + 4. What is the tens digit of g(6)?
1
What is the hundreds digit of 18/5*(-3150)/(-30)?
3
Let c(k) = -k**2 + 9*k - 6. Suppose 3*j + 4*w = 19, -2*j + 7*j + 3*w = 28. Suppose -37 = -4*f - j. What is the units digit of c(f)?
2
Let k be 4*1/(0 - -4). Suppose -d - 2*y - 2*y = k, 11 = 3*d - 2*y. What is the units digit of d?
3
Let v(f) = 3*f - 9. Suppose 2*t - 2 = 6. What is the units digit of v(t)?
3
Suppose 0 = i - 5*t - 18, t - 5 = 4*i - 1. Let k be (-10)/1*(i - 0). Suppose -4*n = n - k. What is the units digit of n?
4
Let n(j) = 4*j - 16. What is the units digit of n(9)?
0
Let h = 7 + -7. Let g = -3 + h. Let b(r) = r**3 + 3*r**2 - 2*r - 2. What is the units digit of b(g)?
4
Suppose -2 = -f + 22. What is the units digit of f?
4
What is the hundreds digit of 0 + 101/2*6?
3
Suppose d = 2*d - 37. What is the tens digit of d?
3
Let i(x) = -3*x - 4. Let m be i(-3). Suppose 4*y - 3*y = m. Suppose y*q - 4 = 1. What is the units digit of q?
1
Let k = -18 + 38. Suppose -h - 4*q = 4, -q + 8 - k = 3*h. Let m(g) = -g**2 - 5*g. What is the units digit of m(h)?
4
Let z = 14 - -23. Suppose -3*b + z = -17. What is the tens digit of b?
1
Suppose g - 52 = -0*g. What is the tens digit of g?
5
Suppose 23*o + 18 = 25*o. What is the units digit of o?
9
Let f(w) = 2*w - 2*w + 0*w + 2*w + 15. What is the tens digit of f(0)?
1
Suppose -4*z - 69 = -5*i, 4*z - 2*i + 72 = 2*i. What is the units digit of 12*(3 + z/9)?
8
Let u(m) = -15*m - 27. What is the units digit of u(-5)?
8
Let h(b) = -b**3 - b**2 + b + 2. Let j = 1 - -2. Suppose 5*o - 13 = -2*l + 7, 5*l + 12 = j*o. What is the units digit of h(l)?
2
Let v = 83 + 6. What is the units digit of v?
9
Let m = 6 - -8. What is the tens digit of m?
1
Suppose 9 = -3*p - 2*r + 1, -r - 18 = 5*p. Let k(o) = -o + 5. What is the units digit of k(p)?
9
Suppose -2*t + 4*q - 5*q + 17 = 0, -2*q = -10. Suppose v - 2*m - 10 = 0, -t + 0 = -2*v - 3*m. What is the units digit of v?
6
Let h = 471 + -263. What is the tens digit of h?
0
What is the units digit of 8/28 - 2199/(-21)?
5
Suppose 0*f + 5*f = 45. Let d = f - 5. Let n = 19 - d. What is the units digit of n?
5
Let u = 217 + -137. What is the tens digit of u?
8
Suppose -3*t = -19 - 14. Let f = 46 - t. What is the tens digit of f?
3
Let w be (2 - 0 - 2)/1. Suppose y + 9 - 24 = w. What is the units digit of y/2*24/20?
9
Let b = 11 + -2. What is the units digit of b?
9
Let j(m) be the second derivative of -m**3/6 + 7*m**2 + 2*m. Let u be j(7). Suppose -7 = -u*k + 6*k. What is the units digit of k?
7
Let o be (3/(-2) + 1)*6. Let f be 0/(o/6*2). Let x = f + 6. What is the units digit of x?
6
Suppose -q + 8 = 4*b, -q = -2*b - 4*q - 6. Suppose -b*u + 24 = -u. What is the tens digit of u?
1
Let c(y) = 6*y**2 - y - 4*y**2 - 8 - 2*y. What is the tens digit of c(-4)?
3
Let q(c) = c**3 - c**2 + 25. Let u be q(0). What is the units digit of 6/15 + 890/u?
6
What is the tens digit of 2/(-4) + (-670)/(-20)?
3
Let l(w) = w - 5. Suppose -c = -d + 2 + 5, 0 = -3*d + c + 25. What is the units digit of l(d)?
4
Let r(p) = p**3 + 16*p**2 - 4*p + 41. What is the hundreds digit of r(-15)?
3
Let k be (0 + -2)/((-2)/3). Suppose 5*l - 20 = k*l. Let g = l - 6. What is the units digit of g?
4
Let u(k) = -57*k**3 + 2*k + 1. Let x = 3 + -4. Let c be u(x). Suppose 5*w - 14 = c. What is the units digit of w?
4
Suppose 2*z = -0*z - 3*j + 20, -4*z + 60 = -4*j. Let v(i) = -i**3 + 13*i**2 + 2*i + 3. What is the units digit of v(z)?
9
Suppose 3*z + 0 = -3. Let t be (-2 + z)*2/(-3). Suppose -t*n + m = 2*m - 17, -3*n = -5*m + 7. What is the units digit of n?
6
Suppose -5*a + 25 = 0, 4*n + 53 = 4*a - 3*a. What is the units digit of (2/5)/(n/(-60))?
2
Let z = -4 + 8. Let u be 32/4*2/z. Suppose -4*j + 20 = 0, u*o - 3*j = -8*j + 81. What is the tens digit of o?
1
What is the units digit of (12/18)/((-2)/(-93))?
1
Suppose 0*f + 64 = 4*f. What is the units digit of f?
6
Let n = 40 + 18. What is the tens digit of n?
5
Let o = 27 + -23. Let b(g) = 10*g + 1. What is the tens digit of b(o)?
4
Let j(r) = 10*r - 6. What is the tens digit of j(9)?
8
Let d be 10*3/((-6)/(-1)). Suppose 24 + 36 = d*u. What is the units digit of u?
2
Let l(j) = -j**2 + j + 3. What is the units digit of l(0)?
3
Suppose -2*t = 4*m - 86, 0 = -3*t + 2*t - 4*m + 53. What is the tens digit of t?
3
What is the units digit of (-2)/3*(-648)/16?
7
Suppose -5*x - 183 = 2*z, -z + 66 = -2*x - 0*z. Let s = -15 - x. Suppose 2*r - 4 = s. What is the units digit of r?
2
Suppose 0 = -2*b - 278 + 788. What is the tens digit of b?
5
Let x(d) = -d + 1. Let p be x(-4). Suppose -2*i - 10 = 2*n, 3*i + p = 3*n - n. What is the units digit of (-12)/9*i/2?
2
Let p(b) = -b**3 - 4*b**2 + 5. Suppose 3*t - 14 = -i + 1, -23 = -5*t - i. Suppose -k - t*k - 20 = 0. What is the units digit of p(k)?
5
Suppose 3*q = q + 8. Let w be (-122)/18 + q/(-18). What is the units digit of (-153)/(-21) - (-2)/w?
7
Suppose 5*x = 6*x. Suppose x = c + 2*c - 138. What is the tens digit of c?
4
Let q = -60 - -105. What is the tens digit of q?
4
Suppose 5*l + 0*l - 175 = 0. What is the units digit of l?
5
Suppose 2*c - 4*b + 13 = b, -5*c - 5*b + 20 = 0. What is the units digit of c?
1
Let q be 1*(-28)/(-8)*2. Let h = q - 2. What is the units digit of h?
5
What is the tens digit of 28/(-21) + 170/6?
2
Let h = 151 + -73. Suppose y + h = 4*y. Let r = y + -18. What is the units digit of r?
8
Let w(j) = j**2 - 2*j + 3. Let u be w(2). Suppose 2*y = -u*y + 160. What is the tens digit of y?
3
Let f be (0 - -1)*45/3. Let i = 3 + f. What is the units digit of i?
8
Let x be (-132)/(-10) + (-5)/25. Suppose -17 = -5*c + x. What is the units digit of c?
6
Let w(v) = -v**2 + 12*v - 18. Let y be w(12). Let n = y - -37. What is the tens digit of n?
1
Suppose 1 = -i - 1. Let b be 6/((-9)/6*1). Let o = i - b. What is the units digit of o?
2
Let v = -404 - -588. What is the tens digit of v?
8
Suppose u = 4*b - 4, 4*b + 3 = -3*u + 7*b. Suppose u = 3*a - 6 - 6. What is the units digit of 4 + (a - (2 + 0))?
6
Suppose 3*s + 24 = 5*r - 2*r, -2*s = 6. Let j = 6 - r. What is the units digit of j?
1
Suppose -3*w + 60 = -w. What is the tens digit of w?
3
Suppose 4*l = -0*l. Suppose -2*s + l*s = -24. What is the units digit of s?
2
Let a(c) = -2*c**3 + 4*c**2 - 6*c - 5. Let d(m) = -3*m**3 + 9*m**2 - 13*m - 11. Let o(f) = 9*a(f) - 4*d(f). What is the units digit of o(-1)?
7
Suppose 3*u = 3*j + 42, 5*j - 3*u + 52 = -18. What is the units digit of (-2 + 0)*35/j?
5
Suppose -b = -3*b. Suppose b*h = -2*h + 6. Suppose h = -2*t + 5*t. What is the units digit of t?
1
Suppose -2*v - 30 = -7*v. Let b(y) = -y**2 + 8*y + 1. What is the units digit of b(v)?
3
Suppose 2*a - 30 - 46 = 0. What is the units digit of a?
8
Suppose 2*c - 34 = 36. Let w be 2/(-15) + (-376)/(-120). Suppose 0 = -f + 4, -w*p = -0*p - f - c. What is the units digit of p?
3
Suppose q + 0*q = 4*j + 421, -4*j = -5*q + 2185. What is the tens digit of q?
4
Suppose -6*h = -3*h - a - 131, -17 = -h - 5*a. What is the units digit of h?
2
What is the tens digit of ((-77)/(-4))/(3/12)?
7
Suppose -16 + 6 = k + 5*n, -30 = 5*k + 5*n. Let j be (15/6 + -1)/(3/38). Let o = k + j. What is the tens digit of o?
1
Suppose -69 = -2*f + r, -f - 3*r - 143 = -5*f. What is the units digit of f?
2
Let p be 4 - ((-2)/1 - 0). Let f be -2*((-27)/p + 2). Let n(u) = 3*u - 7. What is the units digit of n(f)?
8
Let d = -23 + 5. Let s be (-2)/9 + (-76)/d. Suppose s*i - 78 + 10 = 0. What is the tens digit of i?
1
Let s(v) = -v**2 + 2*v + 3. Let w be s(3). Let z(j) = j + 32. Let p be z(0). Suppose -k - 4*k + p = o, -2*o - 5*k + 39 = w. What is the units digit of o?
7
Let o(y) = 2*y**2 + 2*y + 1. Let u be 2*-2 + 0 - -2. Let f be o(u). Suppose -w + 16 = f*z, -2*z - z = 5*w + 8. What is the units digit of z?
4
Let t = 11 + -5. Let v = -5 + t. Suppose w - v + 0 = 0. What is the units digit of w?
1
Suppose 0 = -0*m - 4*m + 4, 0 = 5*s + 3*m + 17. Let f(p) = -6*p - 4. What is the tens digit of f(s)?
2
Let r(w) = 8*w**2